 - -7. Calculate the remainder when 0*(-2)/6 - -14 is divided by w.
6
Suppose -12*q + 7*q = -60. What is the remainder when 83 is divided by q?
11
Suppose -3*k + 0*k - 92 = -4*d, 0 = -k. Calculate the remainder when 90 is divided by d.
21
Let b(q) = 11 + 3*q - 1 + q - 2*q. Calculate the remainder when b(8) is divided by 2*14/4*1.
5
Suppose -2*d - 66 = -0*w - 5*w, 0 = d - 2. What is the remainder when 41 is divided by w?
13
Let k = 75 - 50. What is the remainder when 97 is divided by k?
22
Let y(u) = u**3 - 5*u**2 + 3*u - 4. Let g be y(4). Calculate the remainder when 690/(-12)*g/10 is divided by 12.
10
Calculate the remainder when (-6 - 20)/((-2)/4) is divided by 19.
14
Let r(b) = -2*b - 6. Let t be r(-5). Suppose t*z - 2*z = 66. Calculate the remainder when z is divided by 12.
9
Suppose 0 = 4*r + 157 + 39. Let t = 6 - r. Let c(z) = -8*z - 5. Calculate the remainder when t is divided by c(-3).
17
Let d be (1/3)/(1/3). Suppose 10 = w + w. What is the remainder when w is divided by 9/4 + d/(-4)?
1
Suppose 2*c + 4*x = 74, 6*c - c - 2*x - 149 = 0. What is the remainder when c is divided by 11?
9
Suppose 0 = -2*u + 2 + 2. Suppose u*m - 70 = -3*m. Calculate the remainder when 41 is divided by m.
13
Let l(q) = q + 18. Let k be l(-10). Let w = 0 + k. Let p = -3 + w. Calculate the remainder when 9 is divided by p.
4
Let z = 25 + -9. What is the remainder when 31 - -2*2/(-4) is divided by z?
14
Let y(o) = o**2 + 5*o - 4. Calculate the remainder when y(-6) is divided by 2.
0
Let p be (36/10)/(2/5). Let h = p + -2. Calculate the remainder when h is divided by 0*(-2)/(-4) + 4.
3
Suppose 2*i = -r + 40, -i - 48 = -2*r + 3*i. Calculate the remainder when r is divided by 11.
10
Suppose -t - 4*b = -53, 6*t - 5*b = t + 140. Let x be (t/4)/((-9)/(-144)). Let k = -94 + x. What is the remainder when k is divided by 13?
12
Let i(v) = 30*v + 2. What is the remainder when 61 is divided by i(1)?
29
Let n(r) = -r**3 + 7*r**2 - 7*r + 1. Suppose -g - 8 = -3*g. Let l = 10 - g. What is the remainder when n(5) is divided by l?
4
What is the remainder when (95/(-10))/(1/(-6)) is divided by 30?
27
Let v = 103 - -35. Suppose -6*m = -3*m - v. Let g(s) = -s**3 + 5*s**2 + 8*s. Calculate the remainder when m is divided by g(6).
10
Suppose 82 + 22 = 4*y. Calculate the remainder when 62 is divided by y.
10
Suppose 5*z - a - 122 = 0, 2*a + 47 = 2*z + a. What is the remainder when 45 is divided by z?
20
Let v(w) = -26*w**2 + 2*w - 1. Let f be v(1). Let t = f + 31. What is the remainder when 14 is divided by t?
2
Let y = -10 + -16. Let f = -1 - y. Let z(v) = -v**2 - 6*v + 14. What is the remainder when f is divided by z(-7)?
4
Suppose 4*q = 9*q - 115. What is the remainder when q is divided by 4?
3
Let g = 33 + 4. Let h(w) = 2*w**3 - w**2 + 1. What is the remainder when g is divided by h(2)?
11
Suppose -g + 41 = 2*z, -2*z = -5*g + 23 + 182. What is the remainder when g is divided by ((-1)/(-2))/((-1)/(-42))?
20
Let m = -9 + 63. Suppose -c - m = -4*c. What is the remainder when c is divided by 11?
7
Let t(p) = p**3 - 7*p**2 + 2*p - 3. Let j(l) = -4*l - 9. Let b be j(-4). Calculate the remainder when 31 is divided by t(b).
9
Let x(u) = u**3 + u**2 + 6. What is the remainder when x(4) is divided by 18?
14
Let w be (-56)/(-12) + 3/9. Let k(a) = 3*a - 2. Calculate the remainder when 50 is divided by k(w).
11
Suppose 15 = 3*b + 2*b, 3*g + 3 = 3*b. What is the remainder when 17 is divided by g/8 + (-19)/(-4)?
2
Calculate the remainder when 8 is divided by ((-12)/(-10))/((-14)/(-35)).
2
Suppose -2*r - v = -6*r + 217, 15 = -3*v. Suppose r = 4*g + 9. What is the remainder when g is divided by ((-4)/5)/(10/(-75))?
5
Let o(a) = -12*a - 4. Calculate the remainder when 78 is divided by o(-2).
18
Suppose -f - 34 = 2*u - 111, -4*f = -2*u + 72. Calculate the remainder when u is divided by -1*(1 - 14 - 0).
12
Suppose 2*n + 0*n - 6 = 0. Suppose -2*g + n*y = -0*y - 2, 4*g + 5*y - 48 = 0. What is the remainder when 186/10 + 2/5 is divided by g?
5
Let s = -14 - 28. Let b be s + (-3 - -3)/1. What is the remainder when 29 is divided by (-10)/25 - b/5?
5
Suppose 4*u - 3 = 9. Suppose 17 - 2 = u*g. Suppose 179 = g*c + 9. What is the remainder when c is divided by 12?
10
Suppose -4 = -2*g + 4*v, -7*v + 2*v - 12 = g. Let q(m) = m**3 - 4*m**2 - 5*m + 7. Let o be q(5). Let i = g + o. What is the remainder when i is divided by 2?
1
Let r(q) = 12*q**2 + q. Suppose 76 = -4*f + 8*f. Calculate the remainder when f is divided by r(-1).
8
Suppose -9*u - 8 = -5*u. Suppose -26 = -2*f - 0*f. Calculate the remainder when 99/2 + u/4 is divided by f.
10
Let x = -12 + 16. What is the remainder when (7/(-2))/(x/(-96)) is divided by 17?
16
Let m = 72 + -66. What is the remainder when 8 is divided by m?
2
Suppose 4*x = s + 65, 0 = -0*x + 2*x + 2*s - 40. Calculate the remainder when 33 is divided by x.
16
Suppose -6 = 7*i - 10*i. Let y = 11 + -8. What is the remainder when y is divided by i?
1
What is the remainder when 60 is divided by (-47)/(-2) - (-3)/(-2)?
16
Suppose 3*y + 49 = 2*j - 41, -5*j + 3*y = -234. What is the remainder when j is divided by 17?
14
Let d = 3 - -14. Let k = 15 - 8. Let n(l) = -l + 16. What is the remainder when d is divided by n(k)?
8
Suppose 0 = i + 2*t + 5, i - t = 4*t + 30. Calculate the remainder when i is divided by 3.
2
Let f(w) be the third derivative of 1/4*w**4 - 5/6*w**3 + 0*w + w**2 + 0. What is the remainder when f(5) is divided by 9?
7
Let n(c) = -c**3 - 6*c**2 - 6*c - 2. Let f be n(-4). Let x = f - -21. What is the remainder when 21 is divided by x?
10
Let l = -3 - -20. Let s = 53 - 25. Calculate the remainder when s is divided by (-2 - (-3 - -3)) + l.
13
Suppose 9*j = 11*j + 28. Calculate the remainder when 14 is divided by ((-8)/j)/((-7)/(-49)).
2
Let r(k) = k**2 + 4*k + 1. Let b be r(-5). Let s(d) = d**3 - 5*d**2 + 3*d - 3. What is the remainder when s(b) is divided by 18?
15
Let z(g) = -g**3 + 13*g**2 - g + 16. Calculate the remainder when (-6)/(-1 - -3) - -8 is divided by z(13).
2
Suppose 5*z = 3*z - 20. Let p(i) = i + 19. Calculate the remainder when 15 is divided by p(z).
6
Let f be 1/((-2)/(8/2)). Let r = 12 + 0. What is the remainder when f/8 + 186/8 is divided by r?
11
Let f be 15/(-6)*18/15. Let h = f - -6. Calculate the remainder when 0 + 0 + 45 - h is divided by 22.
20
Let t = 6 + -3. Suppose -i = -t*f - 20, i - f - 11 = 15. What is the remainder when i is divided by (-1)/((-124)/40 + 3)?
9
Let m(w) be the second derivative of 7*w**3/3 + 3*w. Calculate the remainder when m(1) is divided by 8.
6
Let p(f) = f**2 + 4*f + 5. Suppose 0 = -t - t - 44. Let u be (-2)/(-5) + t/5. What is the remainder when p(u) is divided by 4?
1
Let v(t) = 2*t**2 - 4. What is the remainder when v(-4) is divided by 10?
8
Let z = -22 + 33. Suppose -4*f + j = -84, 5*j - 60 = -4*f - 0*j. What is the remainder when f is divided by z?
9
Let f = -81 - -131. Calculate the remainder when f is divided by 11 - (2 + -2) - -2.
11
Suppose 0 = -n - 4*m + 17, -6*m + m = n - 20. Suppose -3*x = -0*j - 2*j - 38, n*x - 42 = -2*j. What is the remainder when 28 is divided by x?
8
Suppose 0 = -4*r - g + 178, 0*r - 3*g = -r + 51. Let s = 210 + -150. Suppose 5*j + 0*j - s = 0. Calculate the remainder when r is divided by j.
9
Suppose -4*v = -4*y + 584, 5*y - 5*v + 10*v = 690. Calculate the remainder when y is divided by 36.
34
Let o be 3 + 3 + 6/(-3). What is the remainder when 11 is divided by 3/12 + 23/o?
5
Let l(o) = o**2 + 4 - 2 + 4 + 2*o. Suppose -4*t = -5*q - 68 - 82, 0 = 2*t - 3*q - 74. Calculate the remainder when t is divided by l(-4).
12
Let o(k) = 51*k - 4. Calculate the remainder when o(1) is divided by 16.
15
Let x(n) = -n + 11. Let a be (8 + -7)/(2/(-14)). Calculate the remainder when x(a) is divided by 7.
4
What is the remainder when 78 is divided by 41/5 + 4/(-22 - -2)?
6
Let j(m) = -m + 13. Suppose 0*p + p - 1 = 0. Let x be 3 + -1 + p + 3. Calculate the remainder when 20 is divided by j(x).
6
Let f be ((-19)/3)/(3/(-9)). Let a = f - 10. Calculate the remainder when 208/12*9/6 is divided by a.
8
Suppose 11 = 3*a - 16. Let c be 3/2 + (-1)/(-2). Suppose 20 + 32 = c*t. Calculate the remainder when t is divided by a.
8
Let c = 4 - 4. Suppose c*q = -q + 5*o - 2, 5*q = -o + 68. Calculate the remainder when 24 is div